{"id":88,"date":"2023-06-16T12:49:52","date_gmt":"2023-06-16T10:49:52","guid":{"rendered":"https:\/\/mairie-prunet31.fr\/?page_id=88"},"modified":"2024-11-11T11:12:19","modified_gmt":"2024-11-11T10:12:19","slug":"sipom-gestion-des-dechets","status":"publish","type":"page","link":"https:\/\/mairie-prunet31.fr\/?page_id=88","title":{"rendered":"SIPOM- gestion des d\u00e9chets"},"content":{"rendered":"\n<p>Les <strong>ORDURES M\u00c9NAG\u00c8RES<\/strong> passent les Mardis sur la commune.<\/p>\n\n\n\n<p>Le<strong> TRI S\u00c9LECTIF<\/strong> (<em>poubelles jaunes<\/em>)  passe les Lundis sur la commune.<\/p>\n\n\n\n<p>pr\u00e9sentation du SIPOM : <\/p>\n\n\n\n<p>Le SIPOM de REVEL est un&nbsp;<strong>syndicat mixte<\/strong>&nbsp;qui a pour comp\u00e9tence la collecte des d\u00e9chets m\u00e9nagers. Cette collectivit\u00e9 locale couvre un vaste territoire correspondant&nbsp;\u00e0 71 communes \u00e9tant elles-m\u00eames regroup\u00e9es en communaut\u00e9s de communes, vous pouvez les contacter :<\/p>\n\n\n\n<p><strong>Par t\u00e9l\u00e9phone :<\/strong> 05 62 71 22 83 du lundi au vendredi de 08h \u00e0 12h et 14h \u00e0 15h30<\/p>\n\n\n\n<p><strong>Par mail<\/strong> : <a href=\"mailto:contact@sipom.fr\">contact @ sipom.fr<\/a><\/p>\n\n\n\n<p>leur site : <a href=\"https:\/\/www.sipom.fr\/fr\/index.html\">https:\/\/www.sipom.fr\/<\/a><\/p>\n\n\n\n<p>voici quelques liens de leur site :<\/p>\n\n\n\n<p><a href=\"https:\/\/www.sipom.fr\/fr\/nos-dechets.html\" target=\"_blank\" rel=\"noreferrer noopener\">O\u00f9 jeter mes d\u00e9chets, dans quel conteneur ?<\/a><\/p>\n\n\n\n<p><a href=\"https:\/\/www.sipom.fr\/fr\/nos-dechets\/mieux-jeter.html\">Que faire de mes d\u00e9chets ? <\/a>Beaucoup d&rsquo;entre vous se posent cette question et beaucoup d&rsquo;entre vous n&rsquo;ont pas de r\u00e9ponse s\u00fbre. De ce fait, vous jetez tous vos d\u00e9chets dans les ordures m\u00e9nag\u00e8res&#8230;. Arr\u00eatez cela !<\/p>\n\n\n\n<p>Les animateurs du SIPOM et des guides sont \u00e0 votre disposition pour vous aider sur place. Maintenant, si vous avez un doute, vous pouvez aussi regarder sur le <em><a href=\"https:\/\/www.sipom.fr\/fr\/nos-dechets.html\">moteur de recherche du tri<\/a> ! <\/em>Cet outil vous indiquera les endroits o\u00f9 vous pourrez jeter\/recycler vos d\u00e9chets.&nbsp;Alors n&rsquo;h\u00e9sitez plus et adoptez-le !<\/p>\n\n\n\n<p><a href=\"https:\/\/www.sipom.fr\/fr\/professionnels\/redevance-speciale.html\" target=\"_blank\" rel=\"noreferrer noopener\">Professionnels : redevance-speciale<\/a><\/p>\n\n\n\n<p><a href=\"https:\/\/www.sipom.fr\/fr\/professionnels\/decheteries.html\" target=\"_blank\" rel=\"noreferrer noopener\">Les d\u00e9ch\u00e8teries<\/a> :<\/p>\n\n\n\n<h5 class=\"wp-block-heading\">Site de CLER VERTS<\/h5>\n\n\n\n<p>&nbsp;<em>tel : <\/em> 05 62 18 35 14<\/p>\n\n\n\n<p>&nbsp;<em> ouvert du lundi au vendredi :<\/em> 8h-12h et de 14h-18h<\/p>\n\n\n\n<h5 class=\"wp-block-heading\">Les D\u00e9ch\u00e8teries Trifyl<\/h5>\n\n\n\n<p>&nbsp; Caraman : 05 61 81 43 79<\/p>\n\n\n\n<p>&nbsp; Puylaurens : 05 63 59 12 29<\/p>\n\n\n\n<p>&nbsp; Revel : 05 62 71 32 91<\/p>\n\n\n\n<p><em>Horaires d&rsquo;hiver (du 01\/09 au 30\/06) :<\/em><br><em>du Mardi au Samedi :<\/em><br>de 9 h \u00e0 12 h et de 14 h \u00e0 18 h<br>Ferm\u00e9e le dimanche et jours f\u00e9ri\u00e9s<\/p>\n\n\n\n<p><em>Horaires d&rsquo;\u00e9t\u00e9 (du 01\/07 au 31\/08) :<\/em><br><em>du Mardi au Samedi<\/em> : 7 h \u00e0 14 h<\/p>\n\n\n\n<p><\/p>\n\n\n\n<p><a href=\"https:\/\/www.sipom.fr\/fr\/nos-dechets\/moins-jeter\/reserver-un-composteur.html\" target=\"_blank\" rel=\"noreferrer noopener\">Vous pouvez r\u00e9server un composteur par ce lien.<\/a><\/p>\n\n\n\n<p><\/p>\n","protected":false},"excerpt":{"rendered":"<p>Les ORDURES M\u00c9NAG\u00c8RES passent les Mardis sur la commune. Le TRI S\u00c9LECTIF (poubelles jaunes) passe les Lundis sur la commune. pr\u00e9sentation du SIPOM : Le SIPOM de REVEL est un&nbsp;syndicat mixte&nbsp;qui a pour comp\u00e9tence la collecte des d\u00e9chets m\u00e9nagers. Cette collectivit\u00e9 locale couvre un vaste territoire correspondant&nbsp;\u00e0 71 communes \u00e9tant elles-m\u00eames regroup\u00e9es en communaut\u00e9s de [&hellip;]<\/p>\n","protected":false},"author":1,"featured_media":0,"parent":87,"menu_order":0,"comment_status":"closed","ping_status":"closed","template":"","meta":{"footnotes":""},"class_list":["post-88","page","type-page","status-publish","hentry"],"_links":{"self":[{"href":"https:\/\/mairie-prunet31.fr\/index.php?rest_route=\/wp\/v2\/pages\/88","targetHints":{"allow":["GET"]}}],"collection":[{"href":"https:\/\/mairie-prunet31.fr\/index.php?rest_route=\/wp\/v2\/pages"}],"about":[{"href":"https:\/\/mairie-prunet31.fr\/index.php?rest_route=\/wp\/v2\/types\/page"}],"author":[{"embeddable":true,"href":"https:\/\/mairie-prunet31.fr\/index.php?rest_route=\/wp\/v2\/users\/1"}],"replies":[{"embeddable":true,"href":"https:\/\/mairie-prunet31.fr\/index.php?rest_route=%2Fwp%2Fv2%2Fcomments&post=88"}],"version-history":[{"count":8,"href":"https:\/\/mairie-prunet31.fr\/index.php?rest_route=\/wp\/v2\/pages\/88\/revisions"}],"predecessor-version":[{"id":860,"href":"https:\/\/mairie-prunet31.fr\/index.php?rest_route=\/wp\/v2\/pages\/88\/revisions\/860"}],"up":[{"embeddable":true,"href":"https:\/\/mairie-prunet31.fr\/index.php?rest_route=\/wp\/v2\/pages\/87"}],"wp:attachment":[{"href":"https:\/\/mairie-prunet31.fr\/index.php?rest_route=%2Fwp%2Fv2%2Fmedia&parent=88"}],"curies":[{"name":"wp","href":"https:\/\/api.w.org\/{rel}","templated":true}]}}

SIPOM- gestion des déchets

<p>Les <strong>ORDURES MÉNAGÈRES</strong> passent les Mardis sur la commune.</p>



<p>Le<strong> TRI SÉLECTIF</strong> (<em>poubelles jaunes</em>)  passe les Lundis sur la commune.</p>



<p>présentation du SIPOM : </p>



<p>Le SIPOM de REVEL est un&nbsp;<strong>syndicat mixte</strong>&nbsp;qui a pour compétence la collecte des déchets ménagers. Cette collectivité locale couvre un vaste territoire correspondant&nbsp;à 71 communes étant elles-mêmes regroupées en communautés de communes, vous pouvez les contacter :</p>



<p><strong>Par téléphone :</strong> 05 62 71 22 83 du lundi au vendredi de 08h à 12h et 14h à 15h30</p>



<p><strong>Par mail</strong> : <a href="mailto:contact@sipom.fr">contact @ sipom.fr</a></p>



<p>leur site : <a href="https://www.sipom.fr/fr/index.html">https://www.sipom.fr/</a></p>



<p>voici quelques liens de leur site :</p>



<p><a href="https://www.sipom.fr/fr/nos-dechets.html" target="_blank" rel="noreferrer noopener">Où jeter mes déchets, dans quel conteneur ?</a></p>



<p><a href="https://www.sipom.fr/fr/nos-dechets/mieux-jeter.html">Que faire de mes déchets ? </a>Beaucoup d&rsquo;entre vous se posent cette question et beaucoup d&rsquo;entre vous n&rsquo;ont pas de réponse sûre. De ce fait, vous jetez tous vos déchets dans les ordures ménagères&#8230;. Arrêtez cela !</p>



<p>Les animateurs du SIPOM et des guides sont à votre disposition pour vous aider sur place. Maintenant, si vous avez un doute, vous pouvez aussi regarder sur le <em><a href="https://www.sipom.fr/fr/nos-dechets.html">moteur de recherche du tri</a> ! </em>Cet outil vous indiquera les endroits où vous pourrez jeter/recycler vos déchets.&nbsp;Alors n&rsquo;hésitez plus et adoptez-le !</p>



<p><a href="https://www.sipom.fr/fr/professionnels/redevance-speciale.html" target="_blank" rel="noreferrer noopener">Professionnels : redevance-speciale</a></p>



<p><a href="https://www.sipom.fr/fr/professionnels/decheteries.html" target="_blank" rel="noreferrer noopener">Les déchèteries</a> :</p>



<h5 class="wp-block-heading">Site de CLER VERTS</h5>



<p>&nbsp;<em>tel : </em> 05 62 18 35 14</p>



<p>&nbsp;<em> ouvert du lundi au vendredi :</em> 8h-12h et de 14h-18h</p>



<h5 class="wp-block-heading">Les Déchèteries Trifyl</h5>



<p>&nbsp; Caraman : 05 61 81 43 79</p>



<p>&nbsp; Puylaurens : 05 63 59 12 29</p>



<p>&nbsp; Revel : 05 62 71 32 91</p>



<p><em>Horaires d&rsquo;hiver (du 01/09 au 30/06) :</em><br><em>du Mardi au Samedi :</em><br>de 9 h à 12 h et de 14 h à 18 h<br>Fermée le dimanche et jours fériés</p>



<p><em>Horaires d&rsquo;été (du 01/07 au 31/08) :</em><br><em>du Mardi au Samedi</em> : 7 h à 14 h</p>



<p></p>



<p><a href="https://www.sipom.fr/fr/nos-dechets/moins-jeter/reserver-un-composteur.html" target="_blank" rel="noreferrer noopener">Vous pouvez réserver un composteur par ce lien.</a></p>



<p></p>

<p>Les ORDURES MÉNAGÈRES passent les Mardis sur la commune. Le TRI SÉLECTIF (poubelles jaunes) passe les Lundis sur la commune. présentation du SIPOM : Le SIPOM de REVEL est un&nbsp;syndicat mixte&nbsp;qui a pour compétence la collecte des déchets ménagers. Cette collectivité locale couvre un vaste territoire correspondant&nbsp;à 71 communes étant elles-mêmes regroupées en communautés de [&hellip;]</p>
