{"id":706,"date":"2024-10-11T16:50:44","date_gmt":"2024-10-11T14:50:44","guid":{"rendered":"https:\/\/mairie-prunet31.fr\/?page_id=706"},"modified":"2024-11-11T11:15:36","modified_gmt":"2024-11-11T10:15:36","slug":"numeros-utiles","status":"publish","type":"page","link":"https:\/\/mairie-prunet31.fr\/?page_id=706","title":{"rendered":"Num\u00e9ros utiles"},"content":{"rendered":"\n<p><strong><em>Veuillez trouver ci-dessous les num\u00e9ros utiles. Ils sont \u00e9galement disponibles sur CITYALL dans l&rsquo;onglet \u00ab\u00a0num\u00e9ros d&rsquo;urgence et utiles\u00a0\u00bb<\/em><\/strong><\/p>\n\n\n\n<figure class=\"wp-block-table\"><table><tbody><tr><td>SERVICES<\/td><td>NUM\u00c9RO<\/td><\/tr><tr><td><strong>SAMU<\/strong><\/td><td>15<\/td><\/tr><tr><td><strong>Gendarmerie nationale<\/strong><\/td><td>17<\/td><\/tr><tr><td><strong>Pompiers<\/strong><\/td><td>18<\/td><\/tr><tr><td><strong>Allo enfance maltrait\u00e9e<\/strong><\/td><td>119<\/td><\/tr><tr><td><strong>Violences conjugales<\/strong><\/td><td>3919<\/td><\/tr><tr><td><strong>Centre antipoison de Toulouse<\/strong><\/td><td>05 61 77 74 47<\/td><\/tr><tr><td><strong>Centre M\u00e9dical de Caraman<\/strong> &#8211; Impasse Montplaisir<\/td><td>05 62 16 07 19    <\/td><\/tr><tr><td><strong>Centre Medico Social de Lanta <\/strong>&#8211; Chemin Crouzelys<\/td><td>05 61 83 77 10<\/td><\/tr><tr><td><strong>SOS M\u00e9decins<\/strong><\/td><td>05 61 33 00 00<\/td><\/tr><tr><td>Pharmacie du Ravelin \u00e0 <strong>Caraman&nbsp; <\/strong>&#8211; 18 rue Victor Hugo<\/td><td>05 61 83 10 37<\/td><\/tr><tr><td>Pharmacie Koff \u00e0 <strong>Caraman&nbsp; <\/strong>&#8211; Impasse Montplaisir<\/td><td>05 61 83 10 41<\/td><\/tr><tr><td><strong>RESEAU 31 (Eau)<\/strong> \u00e0 Maureville<\/td><td>05 62 18 62 62<\/td><\/tr><tr><td><strong>Syndicat Intercommunal pour les Ordures M\u00e9nag\u00e8res (SIPOM)<\/strong><\/td><td>05 62 71 22 83<\/td><\/tr><tr><td><strong>Enedis Accueil raccordement \u00c9lectricit\u00e9<\/strong><\/td><td>0810 203 835<\/td><\/tr><tr><td><strong>Enedis D\u00e9pannage urgence 24h\/24 7j\/7<\/strong><\/td><td>0810 333&nbsp;081<\/td><\/tr><\/tbody><\/table><\/figure>\n","protected":false},"excerpt":{"rendered":"<p>Veuillez trouver ci-dessous les num\u00e9ros utiles. Ils sont \u00e9galement disponibles sur CITYALL dans l&rsquo;onglet \u00ab\u00a0num\u00e9ros d&rsquo;urgence et utiles\u00a0\u00bb SERVICES NUM\u00c9RO SAMU 15 Gendarmerie nationale 17 Pompiers 18 Allo enfance maltrait\u00e9e 119 Violences conjugales 3919 Centre antipoison de Toulouse 05 61 77 74 47 Centre M\u00e9dical de Caraman &#8211; Impasse Montplaisir 05 62 16 07 19 [&hellip;]<\/p>\n","protected":false},"author":1,"featured_media":0,"parent":0,"menu_order":0,"comment_status":"closed","ping_status":"closed","template":"","meta":{"footnotes":""},"class_list":["post-706","page","type-page","status-publish","hentry"],"_links":{"self":[{"href":"https:\/\/mairie-prunet31.fr\/index.php?rest_route=\/wp\/v2\/pages\/706","targetHints":{"allow":["GET"]}}],"collection":[{"href":"https:\/\/mairie-prunet31.fr\/index.php?rest_route=\/wp\/v2\/pages"}],"about":[{"href":"https:\/\/mairie-prunet31.fr\/index.php?rest_route=\/wp\/v2\/types\/page"}],"author":[{"embeddable":true,"href":"https:\/\/mairie-prunet31.fr\/index.php?rest_route=\/wp\/v2\/users\/1"}],"replies":[{"embeddable":true,"href":"https:\/\/mairie-prunet31.fr\/index.php?rest_route=%2Fwp%2Fv2%2Fcomments&post=706"}],"version-history":[{"count":5,"href":"https:\/\/mairie-prunet31.fr\/index.php?rest_route=\/wp\/v2\/pages\/706\/revisions"}],"predecessor-version":[{"id":872,"href":"https:\/\/mairie-prunet31.fr\/index.php?rest_route=\/wp\/v2\/pages\/706\/revisions\/872"}],"wp:attachment":[{"href":"https:\/\/mairie-prunet31.fr\/index.php?rest_route=%2Fwp%2Fv2%2Fmedia&parent=706"}],"curies":[{"name":"wp","href":"https:\/\/api.w.org\/{rel}","templated":true}]}}